{"id":77,"date":"2022-02-06T09:58:39","date_gmt":"2022-02-06T09:58:39","guid":{"rendered":"https:\/\/xstore.8theme.com\/elementor\/demos\/minimal-electronics\/?page_id=53"},"modified":"2025-09-30T04:52:57","modified_gmt":"2025-09-30T02:52:57","slug":"about-us","status":"publish","type":"page","link":"https:\/\/forgesshop.com\/?page_id=77","title":{"rendered":"Nosotros"},"content":{"rendered":"\t\t<div data-elementor-type=\"wp-page\" data-elementor-id=\"77\" class=\"elementor elementor-77\" data-elementor-post-type=\"page\">\n\t\t\t\t\t\t<section class=\"elementor-section elementor-top-section elementor-element elementor-element-d78071b animated-fast elementor-section-boxed elementor-section-height-default elementor-section-height-default elementor-invisible\" data-id=\"d78071b\" data-element_type=\"section\" data-settings=\"{&quot;animation&quot;:&quot;fadeInUp&quot;}\">\n\t\t\t\t\t\t<div class=\"elementor-container elementor-column-gap-no\">\n\t\t\t\t\t<div class=\"elementor-column elementor-col-100 elementor-top-column elementor-element elementor-element-2ac7177\" data-id=\"2ac7177\" data-element_type=\"column\">\n\t\t\t<div class=\"elementor-widget-wrap elementor-element-populated\">\n\t\t\t\t\t\t<div class=\"elementor-element elementor-element-eb49b9e elementor-align-center elementor-widget elementor-widget-etheme_advanced_headline\" data-id=\"eb49b9e\" data-element_type=\"widget\" data-widget_type=\"etheme_advanced_headline.default\">\n\t\t\t\t<div class=\"elementor-widget-container\">\n\t\t\t\t\t        \r\n        <div class=\"etheme-a-h-wrapper\">\r\n        \r\n            \r\n        <h2 class=\"etheme-advanced-headline etheme-advanced-headline-mask\">\r\n\r\n            Sobre Nosotros\r\n        <\/h2>\r\n\t\t\r\n                            <p class=\"etheme-a-h-text-after\">\r\n                    En el coraz\u00f3n de Forges late una pasi\u00f3n por las dos ruedas que va m\u00e1s all\u00e1 de la mec\u00e1nica. Somos una peque\u00f1a empresa especializada en la reparaci\u00f3n y reforma de motorinas y motos, donde cada veh\u00edculo que entra por nuestra puerta es tratado con el mismo cari\u00f1o que si fuera nuestro.\n\nNuestro trabajo es una mezcla de arte y t\u00e9cnica. Nos apasiona devolver la vida a tu moto, pero tambi\u00e9n nos especializamos en la est\u00e9tica y la reparaci\u00f3n de pl\u00e1sticos. Ya sea un ara\u00f1azo, una pieza rota o una transformaci\u00f3n completa, nuestro objetivo es que tu moto no solo funcione a la perfecci\u00f3n, sino que tambi\u00e9n luzca impecable y refleje tu personalidad.\n\n\u00bfPor qu\u00e9 \u00abAspiramos a marcar la diferencia\u00bb?\nPorque para nosotros, la diferencia est\u00e1 en los detalles:\n\nEn el trato personalizado y el asesoramiento honesto.\n\nEn la meticulosidad de nuestro trabajo, donde la calidad es nuestra prioridad.\n\nEn entender que tu moto no es solo un veh\u00edculo, es una parte de tu libertad.\n\nEn Forges, no somos solo t\u00e9cnicos; somos entusiastas que queremos ser tu taller de confianza. Conf\u00edanos tu moto y d\u00e9janos demostrarte por qu\u00e9 aspiramos a marcar la diferencia en cada servicio.                <\/p>\r\n                    \r\n        <\/div>\r\n        \r\n\t\t\t\t\t\t<\/div>\n\t\t\t\t<\/div>\n\t\t\t\t<div class=\"elementor-element elementor-element-5ffde3e elementor-widget elementor-widget-image\" data-id=\"5ffde3e\" data-element_type=\"widget\" data-widget_type=\"image.default\">\n\t\t\t\t\t\t\t\t\t\t\t\t\t\t\t<img loading=\"lazy\" loading=\"lazy\" decoding=\"async\" width=\"1152\" height=\"896\" src=\"https:\/\/forgesshop.com\/wp-content\/uploads\/2025\/09\/photo_2025-09-29_22-36-06.jpg\" class=\"elementor-animation-bob attachment-full size-full wp-image-1988\" alt=\"\" srcset=\"https:\/\/forgesshop.com\/wp-content\/uploads\/2025\/09\/photo_2025-09-29_22-36-06.jpg 1152w, https:\/\/forgesshop.com\/wp-content\/uploads\/2025\/09\/photo_2025-09-29_22-36-06-300x233.jpg 300w, https:\/\/forgesshop.com\/wp-content\/uploads\/2025\/09\/photo_2025-09-29_22-36-06-1024x796.jpg 1024w, https:\/\/forgesshop.com\/wp-content\/uploads\/2025\/09\/photo_2025-09-29_22-36-06-768x597.jpg 768w, https:\/\/forgesshop.com\/wp-content\/uploads\/2025\/09\/photo_2025-09-29_22-36-06-600x467.jpg 600w, https:\/\/forgesshop.com\/wp-content\/uploads\/2025\/09\/photo_2025-09-29_22-36-06-1x1.jpg 1w, https:\/\/forgesshop.com\/wp-content\/uploads\/2025\/09\/photo_2025-09-29_22-36-06-10x8.jpg 10w\" sizes=\"auto, (max-width: 1152px) 100vw, 1152px\" \/>\t\t\t\t\t\t\t\t\t\t\t\t\t\t\t<\/div>\n\t\t\t\t\t<\/div>\n\t\t<\/div>\n\t\t\t\t\t<\/div>\n\t\t<\/section>\n\t\t\t\t<\/div>\n\t\t","protected":false},"excerpt":{"rendered":"<p>&#8230;<\/p>\n","protected":false},"author":1,"featured_media":0,"parent":0,"menu_order":0,"comment_status":"closed","ping_status":"closed","template":"","meta":{"footnotes":""},"class_list":["post-77","page","type-page","status-publish","hentry"],"_links":{"self":[{"href":"https:\/\/forgesshop.com\/index.php?rest_route=\/wp\/v2\/pages\/77","targetHints":{"allow":["GET"]}}],"collection":[{"href":"https:\/\/forgesshop.com\/index.php?rest_route=\/wp\/v2\/pages"}],"about":[{"href":"https:\/\/forgesshop.com\/index.php?rest_route=\/wp\/v2\/types\/page"}],"author":[{"embeddable":true,"href":"https:\/\/forgesshop.com\/index.php?rest_route=\/wp\/v2\/users\/1"}],"replies":[{"embeddable":true,"href":"https:\/\/forgesshop.com\/index.php?rest_route=%2Fwp%2Fv2%2Fcomments&post=77"}],"version-history":[{"count":4,"href":"https:\/\/forgesshop.com\/index.php?rest_route=\/wp\/v2\/pages\/77\/revisions"}],"predecessor-version":[{"id":1995,"href":"https:\/\/forgesshop.com\/index.php?rest_route=\/wp\/v2\/pages\/77\/revisions\/1995"}],"wp:attachment":[{"href":"https:\/\/forgesshop.com\/index.php?rest_route=%2Fwp%2Fv2%2Fmedia&parent=77"}],"curies":[{"name":"wp","href":"https:\/\/api.w.org\/{rel}","templated":true}]}}